site?
False
Is 53254663459 a prime number?
True
Is 20711693621 composite?
True
Is 70051941214 prime?
False
Is 1617897401 a composite number?
False
Is 17915301967 a composite number?
False
Is 5133801443 a prime number?
True
Is 31298943043 a composite number?
False
Is 1588558799 prime?
False
Is 2741316797 composite?
False
Is 3897253999 a prime number?
True
Is 402935191 a prime number?
True
Is 344070431269 composite?
False
Is 20260802449 a prime number?
True
Is 68551170227 a composite number?
True
Is 28416083686 a prime number?
False
Is 1253106403 a prime number?
True
Is 2471458403 prime?
False
Is 178133595767 a composite number?
False
Is 3466079477 composite?
True
Is 7431972503 composite?
True
Is 952299077 a composite number?
False
Is 1435026947 prime?
False
Is 11572721309 prime?
True
Is 21380202971 a prime number?
False
Is 6984215171 prime?
True
Is 703534441 a composite number?
False
Is 1804013201 a composite number?
False
Is 936495277 prime?
True
Is 1000117121 composite?
False
Is 89088474443 composite?
False
Is 884888761 a prime number?
False
Is 24170565583 a prime number?
False
Is 102007092217 prime?
True
Is 11582015191 a composite number?
False
Is 1886179637 a composite number?
False
Is 118529017 prime?
False
Is 204661333 prime?
False
Is 184819514293 composite?
False
Is 1103542571 a prime number?
True
Is 405295103 composite?
False
Is 106238549 a prime number?
True
Is 291489883 prime?
False
Is 113026937 a composite number?
False
Is 10428825977 composite?
True
Is 3552759031 a prime number?
True
Is 16489381 a composite number?
False
Is 987673007 prime?
True
Is 46695149 prime?
True
Is 28944513449 composite?
False
Is 629632987 a prime number?
True
Is 27684558443 composite?
True
Is 1063963211 composite?
False
Is 33856957721 prime?
True
Is 36435672457 a composite number?
False
Is 29297617177 a prime number?
False
Is 1535656957 a composite number?
True
Is 930949477 a composite number?
False
Is 6227640407 a composite number?
True
Is 29156181133 prime?
False
Is 862654109 a prime number?
False
Is 20678023901 a composite number?
True
Is 324748349 composite?
False
Is 66750953 composite?
True
Is 591449919 composite?
True
Is 3118586123 a prime number?
False
Is 8371046197 composite?
True
Is 7347878411 prime?
True
Is 12760915226 a composite number?
True
Is 12408978613 a prime number?
True
Is 120262676033 composite?
False
Is 22023984667 composite?
True
Is 64510699307 a composite number?
True
Is 1703680369 composite?
False
Is 6240122347 composite?
False
Is 3190040333 prime?
True
Is 9371433343 prime?
False
Is 859173743 a prime number?
False
Is 390835717 prime?
False
Is 65524448863 a composite number?
True
Is 2739129226 composite?
True
Is 1501190063 prime?
False
Is 59225503483 prime?
True
Is 612399871 a prime number?
True
Is 106373861 a composite number?
True
Is 3006547777 a composite number?
True
Is 14432495839 a prime number?
False
Is 22587493553 a prime number?
True
Is 147994302101 prime?
False
Is 2844348641 a prime number?
False
Is 6825225019 composite?
True
Is 25815942017 a prime number?
True
Is 33405143 a composite number?
True
Is 14342061277 composite?
True
Is 4985427893 a prime number?
True
Is 440551523 a composite number?
False
Is 8228757529 a composite number?
True
Is 498444059 prime?
False
Is 107518703 prime?
False
Is 409943767 prime?
True
Is 283170023 prime?
True
Is 9910091021 composite?
True
Is 168610106659 prime?
False
Is 75082826657 prime?
False
Is 1978985913 a composite number?
True
Is 37944726871 prime?
False
Is 2026159123 a composite number?
False
Is 454254329 composite?
True
Is 1581122849 prime?
True
Is 143127461 prime?
False
Is 2501236973 a prime number?
False
Is 4354495051 prime?
False
Is 629373629 prime?
True
Is 11398208819 composite?
True
Is 1271963351 a prime number?
True
Is 74076043157 a prime number?
True
Is 129894829 composite?
False
Is 63492498323 a composite number?
True
Is 5683118629 composite?
True
Is 2588385647 prime?
True
Is 1258212541 a composite number?
True
Is 3968894089 a composite number?
False
Is 1709603191 prime?
False
Is 18948194839 a prime number?
False
Is 4610398039 composite?
True
Is 526811459 a composite number?
True
Is 86469026089 a prime number?
False
Is 2727551753 composite?
False
Is 34114565981 a composite number?
True
Is 1907109349 a composite number?
False
Is 1169230873 prime?
False
Is 11335284203 prime?
True
Is 18472916699 a composite number?
True
Is 22501319873 prime?
True
Is 4827160997 composite?
False
Is 10782799099 composite?
True
Is 72483443 a composite number?
False
Is 67249537703 a prime number?
False
Is 2360225831 composite?
False
Is 35955834653 prime?
True
Is 3386489593 a prime number?
True
Is 1428154873 composite?
False
Is 233094947 prime?
False
Is 146443397 prime?
False
Is 79306348313 a prime number?
False
Is 1489145527 a prime number?
False
Is 50406841861 composite?
True
Is 17290398445 a prime number?
False
Is 2802553711 composite?
False
Is 1056485687 a composite number?
False
Is 3050678117 a prime number?
False
Is 56463971 composite?
False
Is 10034258662 a composite number?
True
Is 66556118767 a composite number?
True
Is 3714044657 prime?
True
Is 156099117743 a composite number?
False
Is 247193606897 composite?
False
Is 1778973241 composite?
False
Is 23944237841 composite?
True
Is 5392418527 a composite number?
True
Is 4912916915 a composite number?
True
Is 1072847431 a prime number?
False
Is 56020381 composite?
True
Is 14956763429 composite?
True
Is 67314085451 a prime number?
True
Is 3563204627 a prime number?
False
Is 22069983561 a prime number?
False
Is 38588955653 a composite number?
True
Is 21717791507 a composite number?
False
Is 92474954123 composite?
False
Is 273813797 a composite number?
True
Is 15429095699 composite?
False
Is 5934036577 prime?
False
Is 1280941327 prime?
True
Is 151243421 prime?
False
Is 35285665913 composite?
True
Is 394313649 prime?
False
Is 2679198061 a prime number?
False
Is 5271196801 composite?
True
Is 464851811 prime?
True
Is 257578084727 composite?
False
Is 270671179 a prime number?
False
Is 4840407689 a prime number?
False
Is 38006553601 a prime number?
True
Is 1233270553 composite?
True
Is 2547362261 prime?
True
Is 7728704371 composite?
False
Is 1541446411 composite?
False
Is 153858093 prime?
False
Is 15155612603 a prime number?
True
Is 46183128583 composite?
False
Is 25240519 composite?
True
Is 558446543 composite?
True
Is 2641360273 a composite number?
True
Is 469609663 prime?
True
Is 7510517293 a prime number?
True
Is 27767296393 a composite number?
False
Is 150793067045 a composite number?
True
Is 194491801 prime?
False
Is 197506973 prime?
False
Is 2786543939 prime?
True
Is 417427733 a prime number?
True
Is 32356222793 prime?
False
Is 214869655307 composite?
False
Is 2601002947 a prime number?
False
Is 46068223 a composite number?
True
Is 9903843311 composite?
True
Is 2204879722 a composite number?
True
Is 7185368867 a prime number?
False
Is 91805099209 a prime number?
True
Is 4721520851 prime?
True
Is 215571163 a composite number?
False
Is 5622324343 prime?
True
Is 22448439859 a prime number?
False
Is 1045180093 prime?
True
Is 140305976071 a composite number?
False
Is 1648085017 a prime number?
False
Is 17453650867 prime?
False
Is 494603359 a prime number?
True
Is 25518119129 a prime number?
False
Is 11261283823 a composite number?
False
Is 19042091741 a composite number?
False
Is 1317100553 a composite number?
True
Is 2809908383 prime?
False
Is 312233557 a prime number?
True
Is 23027278567 a composite number?
False
Is 118358263 prime?
True
Is 25570487309 composite?
False
Is 187379597861 a prime number?
True
Is 175673951 a composite number?
True
Is 1570791317 composite?
True
Is 189806077 composite?
False
Is 8561291162 a composite number?
True
Is 624654949 composite?
False
Is 12780585131 composite?
False
Is 226578883 composite?
True
Is 846414911 a prime number?
True
Is 107187869 composite?
True
Is 72373493 prime?
False
Is 2460178943 prime?
False
Is 1167097643 composite?
False
Is 1699211713 a prime number?
False
Is 5236622119 a composite number?
False
Is 7784362687 prime?
False
Is 1937986649 prime?
False
Is 16863011239 a prime number?
True
Is 8010624293 a composite number?
True
Is 13703332589 a composite number?
True
Is 117615659 composite?
True
Is 80932